{"id":782,"date":"2025-03-02T08:05:29","date_gmt":"2025-03-02T07:05:29","guid":{"rendered":"https:\/\/www.hollyboot.de\/?page_id=782"},"modified":"2025-03-07T18:20:05","modified_gmt":"2025-03-07T17:20:05","slug":"gutschein-geschenkgutschein","status":"publish","type":"page","link":"https:\/\/www.hollyboot.de\/index.php\/gutschein-geschenkgutschein\/","title":{"rendered":"Geschenkgutschein bestellen"},"content":{"rendered":"\n<p>Ein Geschenk, das sicherlich f\u00fcr Begeisterung sorgen wird, ist eine Auszeit auf einem Hollyboot. Stellen Sie sich vor, wie Ihre Liebsten, Freunde oder Verwandte dem hektischen Alltag entfliehen und auf einem luxuri\u00f6sen Boot entspannen k\u00f6nnen. W\u00e4hrend der Fahrt auf den ruhigen Gew\u00e4ssern im Dahme-Seenland k\u00f6nnen sie die Natur genie\u00dfen, den Sonnenuntergang beobachten und einfach die Seele baumeln lassen. Diese besondere Erfahrung bietet nicht nur Erholung, sondern schafft auch unvergessliche Erinnerungen. Egal ob f\u00fcr ein romantisches Wochenende zu zweit oder eine fr\u00f6hliche Auszeit mit Freunden \u2013 ein Aufenthalt auf einem Hollyboot ist ein au\u00dfergew\u00f6hnliches Geschenk, das f\u00fcr gro\u00dfe Freude sorgen wird. <\/p>\n\n\n\n<p>Nachdem Sie das untenstehende Formular ausgef\u00fcllt und abgesendet haben, erhalten Sie von uns eine Mail mit unserer Bankverbindung, nach Eingang Ihrer Zahlung versenden wir den Geschenkgutschein an die von Ihnen angegebene Adresse, entweder als gedruckte Version oder als PDF per Mail, ganz wie Sie es gew\u00fcnscht haben.<\/p>\n\n\n\n<p class=\"has-text-align-center\"><strong>Bestellformular<\/strong><\/p>\n\n\n\n<p><\/p>\n\n\n\n<div class=\"wp-block-contact-form-7-contact-form-selector\">\n<div class=\"wpcf7 no-js\" id=\"wpcf7-f781-o1\" lang=\"de-DE\" dir=\"ltr\" data-wpcf7-id=\"781\">\n<div class=\"screen-reader-response\"><p role=\"status\" aria-live=\"polite\" aria-atomic=\"true\"><\/p> <ul><\/ul><\/div>\n<form action=\"\/index.php\/wp-json\/wp\/v2\/pages\/782#wpcf7-f781-o1\" method=\"post\" class=\"wpcf7-form init\" aria-label=\"Kontaktformular\" novalidate=\"novalidate\" data-status=\"init\">\n<fieldset class=\"hidden-fields-container\"><input type=\"hidden\" name=\"_wpcf7\" value=\"781\" \/><input type=\"hidden\" name=\"_wpcf7_version\" value=\"6.1.5\" \/><input type=\"hidden\" name=\"_wpcf7_locale\" value=\"de_DE\" \/><input type=\"hidden\" name=\"_wpcf7_unit_tag\" value=\"wpcf7-f781-o1\" \/><input type=\"hidden\" name=\"_wpcf7_container_post\" value=\"0\" \/><input type=\"hidden\" name=\"_wpcf7_posted_data_hash\" value=\"\" \/><input type=\"hidden\" name=\"_wpcf7_recaptcha_response\" value=\"\" \/>\n<\/fieldset>\n<div>\n\t<p><span class=\"wpcf7-form-control-wrap\" data-name=\"name1\"><input size=\"40\" maxlength=\"400\" class=\"wpcf7-form-control wpcf7-text wpcf7-validates-as-required\" aria-required=\"true\" aria-invalid=\"false\" placeholder=\"Vorname (Pflichtfeld)\" value=\"\" type=\"text\" name=\"name1\" \/><\/span>\n\t<\/p>\n\t<p><span class=\"wpcf7-form-control-wrap\" data-name=\"name2\"><input size=\"40\" maxlength=\"400\" class=\"wpcf7-form-control wpcf7-text wpcf7-validates-as-required\" aria-required=\"true\" aria-invalid=\"false\" placeholder=\"Nachname (Pflichtfeld)\" value=\"\" type=\"text\" name=\"name2\" \/><\/span>\n\t<\/p>\n<\/div>\n<div>\n\t<p><span class=\"wpcf7-form-control-wrap\" data-name=\"strasse\"><input size=\"40\" maxlength=\"400\" class=\"wpcf7-form-control wpcf7-text wpcf7-validates-as-required\" aria-required=\"true\" aria-invalid=\"false\" placeholder=\"Stra\u00dfe (Pflichtfeld)\" value=\"\" type=\"text\" name=\"strasse\" \/><\/span>\n\t<\/p>\n\t<p><span class=\"wpcf7-form-control-wrap\" data-name=\"hausnummer\"><input size=\"40\" maxlength=\"400\" class=\"wpcf7-form-control wpcf7-text wpcf7-validates-as-required\" aria-required=\"true\" aria-invalid=\"false\" placeholder=\"Hausnummer (Pflichtfeld)\" value=\"\" type=\"text\" name=\"hausnummer\" \/><\/span>\n\t<\/p>\n<\/div>\n<div>\n\t<p><span class=\"wpcf7-form-control-wrap\" data-name=\"plz\"><input size=\"40\" maxlength=\"400\" class=\"wpcf7-form-control wpcf7-text wpcf7-validates-as-required\" aria-required=\"true\" aria-invalid=\"false\" placeholder=\"PLZ (Pflichtfeld)\" value=\"\" type=\"text\" name=\"plz\" \/><\/span>\n\t<\/p>\n\t<p><span class=\"wpcf7-form-control-wrap\" data-name=\"ort\"><input size=\"40\" maxlength=\"400\" class=\"wpcf7-form-control wpcf7-text wpcf7-validates-as-required\" aria-required=\"true\" aria-invalid=\"false\" placeholder=\"Ort (Pflichtfeld)\" value=\"\" type=\"text\" name=\"ort\" \/><\/span>\n\t<\/p>\n<\/div>\n<div>\n\t<p><span class=\"wpcf7-form-control-wrap\" data-name=\"telefon\"><input size=\"40\" maxlength=\"400\" class=\"wpcf7-form-control wpcf7-tel wpcf7-text wpcf7-validates-as-tel\" aria-invalid=\"false\" placeholder=\"Telefonnummer\" value=\"\" type=\"tel\" name=\"telefon\" \/><\/span>\n\t<\/p>\n\t<p><span class=\"wpcf7-form-control-wrap\" data-name=\"email\"><input size=\"40\" maxlength=\"400\" class=\"wpcf7-form-control wpcf7-email wpcf7-validates-as-required wpcf7-text wpcf7-validates-as-email\" aria-required=\"true\" aria-invalid=\"false\" placeholder=\"E-Mail (Pflichtfeld)\" value=\"\" type=\"email\" name=\"email\" \/><\/span>\n\t<\/p>\n<\/div>\n<div class=\"contact-row\">\n\t<p><span class=\"wpcf7-form-control-wrap\" data-name=\"value\"><input size=\"40\" maxlength=\"400\" class=\"wpcf7-form-control wpcf7-text\" aria-invalid=\"false\" placeholder=\"Welchen Wert soll der Gutschein haben?\" value=\"\" type=\"text\" name=\"value\" \/><\/span>\n\t<\/p>\n\t<p>Bitte w\u00e4hlen Sie, wie Sie den Gutschein erhalten m\u00f6chten: <span class=\"wpcf7-form-control-wrap\" data-name=\"versand\"><select class=\"wpcf7-form-control wpcf7-select\" aria-invalid=\"false\" name=\"versand\"><option value=\"per Mail\">per Mail<\/option><option value=\"per Post\">per Post<\/option><\/select><\/span>\n\t<\/p>\n<\/div>\n<div class=\"contact-row\">\n\t<p><span class=\"wpcf7-form-control-wrap\" data-name=\"nachricht\"><textarea cols=\"40\" rows=\"10\" maxlength=\"2000\" class=\"wpcf7-form-control wpcf7-textarea wpcf7-validates-as-required\" aria-required=\"true\" aria-invalid=\"false\" placeholder=\"Ihre Nachricht\" name=\"nachricht\"><\/textarea><\/span>\n\t<\/p>\n<\/div>\n<div class=\"contact-row\">\n\t<p><span class=\"wpcf7-form-control-wrap\" data-name=\"acceptance\"><span class=\"wpcf7-form-control wpcf7-acceptance\"><span class=\"wpcf7-list-item\"><label><input type=\"checkbox\" name=\"acceptance\" value=\"1\" aria-invalid=\"false\" \/><span class=\"wpcf7-list-item-label\">Hiermit stimme ich der Speicherung und Verarbeitung der von mir \u00fcbermittelten Daten zu.&nbsp;&nbsp;&nbsp;&nbsp;&nbsp;&nbsp;&nbsp;&nbsp;&nbsp;&nbsp;&nbsp;&nbsp;&nbsp;&nbsp;&nbsp;&nbsp;&nbsp;&nbsp;&nbsp;&nbsp;&nbsp;&nbsp;&nbsp;&nbsp;&nbsp;&nbsp;&nbsp;&nbsp;&nbsp;&nbsp;&nbsp;&nbsp;&nbsp;&nbsp;&nbsp;&nbsp;&nbsp;&nbsp;&nbsp;&nbsp;&nbsp;&nbsp<\/span><\/label><\/span><\/span><\/span>\n\t<\/p>\n<\/div>\n<div class=\"contact-row\">\n\t<p><input class=\"wpcf7-form-control wpcf7-submit has-spinner\" type=\"submit\" value=\"Absenden\" \/>\n\t<\/p>\n<\/div><input type='hidden' class='wpcf7-pum' value='{\"closepopup\":false,\"closedelay\":0,\"openpopup\":false,\"openpopup_id\":0}' \/><div class=\"wpcf7-response-output\" aria-hidden=\"true\"><\/div>\n<\/form>\n<\/div>\n<\/div>\n\n\n\n<div style=\"height:100px\" aria-hidden=\"true\" class=\"wp-block-spacer\"><\/div>\n\n\n\n<hr class=\"wp-block-separator has-alpha-channel-opacity\"\/>\n\n\n\n<div class=\"wp-block-columns is-layout-flex wp-container-core-columns-is-layout-9d6595d7 wp-block-columns-is-layout-flex\">\n<div class=\"wp-block-column is-layout-flow wp-block-column-is-layout-flow\">\n<figure class=\"wp-block-image size-large is-style-default\"><img loading=\"lazy\" decoding=\"async\" width=\"1024\" height=\"726\" src=\"https:\/\/www.hollyboot.de\/wp-content\/uploads\/2025\/03\/1-1024x726.png\" alt=\"\" class=\"wp-image-789\" srcset=\"https:\/\/www.hollyboot.de\/wp-content\/uploads\/2025\/03\/1-1024x726.png 1024w, https:\/\/www.hollyboot.de\/wp-content\/uploads\/2025\/03\/1-300x213.png 300w, https:\/\/www.hollyboot.de\/wp-content\/uploads\/2025\/03\/1-768x545.png 768w, https:\/\/www.hollyboot.de\/wp-content\/uploads\/2025\/03\/1-1536x1090.png 1536w, https:\/\/www.hollyboot.de\/wp-content\/uploads\/2025\/03\/1-480x341.png 480w, https:\/\/www.hollyboot.de\/wp-content\/uploads\/2025\/03\/1-677x480.png 677w, https:\/\/www.hollyboot.de\/wp-content\/uploads\/2025\/03\/1-250x177.png 250w, https:\/\/www.hollyboot.de\/wp-content\/uploads\/2025\/03\/1-352x250.png 352w, https:\/\/www.hollyboot.de\/wp-content\/uploads\/2025\/03\/1-150x106.png 150w, https:\/\/www.hollyboot.de\/wp-content\/uploads\/2025\/03\/1.png 1748w\" sizes=\"auto, (max-width: 1024px) 100vw, 1024px\" \/><figcaption class=\"wp-element-caption\">Gutschein Vorderseite<\/figcaption><\/figure>\n<\/div>\n\n\n\n<div class=\"wp-block-column is-layout-flow wp-block-column-is-layout-flow\">\n<figure class=\"wp-block-image size-large\"><img loading=\"lazy\" decoding=\"async\" width=\"1024\" height=\"726\" src=\"https:\/\/www.hollyboot.de\/wp-content\/uploads\/2025\/03\/2-1024x726.png\" alt=\"\" class=\"wp-image-790\" srcset=\"https:\/\/www.hollyboot.de\/wp-content\/uploads\/2025\/03\/2-1024x726.png 1024w, https:\/\/www.hollyboot.de\/wp-content\/uploads\/2025\/03\/2-300x213.png 300w, https:\/\/www.hollyboot.de\/wp-content\/uploads\/2025\/03\/2-768x545.png 768w, https:\/\/www.hollyboot.de\/wp-content\/uploads\/2025\/03\/2-1536x1090.png 1536w, https:\/\/www.hollyboot.de\/wp-content\/uploads\/2025\/03\/2-480x341.png 480w, https:\/\/www.hollyboot.de\/wp-content\/uploads\/2025\/03\/2-677x480.png 677w, https:\/\/www.hollyboot.de\/wp-content\/uploads\/2025\/03\/2-250x177.png 250w, https:\/\/www.hollyboot.de\/wp-content\/uploads\/2025\/03\/2-352x250.png 352w, https:\/\/www.hollyboot.de\/wp-content\/uploads\/2025\/03\/2-150x106.png 150w, https:\/\/www.hollyboot.de\/wp-content\/uploads\/2025\/03\/2.png 1748w\" sizes=\"auto, (max-width: 1024px) 100vw, 1024px\" \/><figcaption class=\"wp-element-caption\">Gutschein R\u00fcckseite<\/figcaption><\/figure>\n<\/div>\n<\/div>\n\n\n\n<p><\/p>\n","protected":false},"excerpt":{"rendered":"<p>Ein Geschenk, das sicherlich f\u00fcr Begeisterung sorgen wird, ist eine Auszeit auf einem Hollyboot. Stellen Sie sich vor, wie Ihre Liebsten, Freunde oder Verwandte dem hektischen Alltag entfliehen und auf einem luxuri\u00f6sen Boot entspannen k\u00f6nnen. W\u00e4hrend der Fahrt auf den ruhigen Gew\u00e4ssern im Dahme-Seenland k\u00f6nnen sie die Natur genie\u00dfen, den Sonnenuntergang beobachten und einfach die &hellip; <\/p>\n<p class=\"link-more\"><a href=\"https:\/\/www.hollyboot.de\/index.php\/gutschein-geschenkgutschein\/\" class=\"more-link\"><span class=\"screen-reader-text\"> prova \"Geschenkgutschein bestellen\"<\/span><\/a><\/p>\n","protected":false},"author":1,"featured_media":0,"parent":0,"menu_order":0,"comment_status":"closed","ping_status":"closed","template":"","meta":{"footnotes":""},"class_list":["post-782","page","type-page","status-publish","hentry"],"yoast_head":"<!-- This site is optimized with the Yoast SEO plugin v27.5 - https:\/\/yoast.com\/product\/yoast-seo-wordpress\/ -->\n<title>Geschenkgutschein bestellen - Hollyboot Charter<\/title>\n<meta name=\"description\" content=\"Ein Geschenkgutschein f\u00fcr eine Auszeit auf einem Hollyboot ist immer eine gute Idee und kommt bei der Familie, den Freunden und Verwandten gleicherma\u00dfen gut an.\" \/>\n<meta name=\"robots\" content=\"index, follow, max-snippet:-1, max-image-preview:large, max-video-preview:-1\" \/>\n<link rel=\"canonical\" href=\"https:\/\/www.hollyboot.de\/index.php\/gutschein-geschenkgutschein\/\" \/>\n<meta property=\"og:locale\" content=\"de_DE\" \/>\n<meta property=\"og:type\" content=\"article\" \/>\n<meta property=\"og:title\" content=\"Geschenkgutschein bestellen - Hollyboot Charter\" \/>\n<meta property=\"og:description\" content=\"Ein Geschenkgutschein f\u00fcr eine Auszeit auf einem Hollyboot ist immer eine gute Idee und kommt bei der Familie, den Freunden und Verwandten gleicherma\u00dfen gut an.\" \/>\n<meta property=\"og:url\" content=\"https:\/\/www.hollyboot.de\/index.php\/gutschein-geschenkgutschein\/\" \/>\n<meta property=\"og:site_name\" content=\"Hollyboot Charter\" \/>\n<meta property=\"article:publisher\" content=\"https:\/\/www.facebook.com\/p\/Hollyboot-Charter-100054521408102\" \/>\n<meta property=\"article:modified_time\" content=\"2025-03-07T17:20:05+00:00\" \/>\n<meta property=\"og:image\" content=\"https:\/\/www.hollyboot.de\/wp-content\/uploads\/2025\/03\/1.png\" \/>\n\t<meta property=\"og:image:width\" content=\"1748\" \/>\n\t<meta property=\"og:image:height\" content=\"1240\" \/>\n\t<meta property=\"og:image:type\" content=\"image\/png\" \/>\n<meta name=\"twitter:card\" content=\"summary_large_image\" \/>\n<meta name=\"twitter:label1\" content=\"Gesch\u00e4tzte Lesezeit\" \/>\n\t<meta name=\"twitter:data1\" content=\"2\u00a0Minuten\" \/>\n<script type=\"application\/ld+json\" class=\"yoast-schema-graph\">{\"@context\":\"https:\\\/\\\/schema.org\",\"@graph\":[{\"@type\":\"WebPage\",\"@id\":\"https:\\\/\\\/www.hollyboot.de\\\/index.php\\\/gutschein-geschenkgutschein\\\/\",\"url\":\"https:\\\/\\\/www.hollyboot.de\\\/index.php\\\/gutschein-geschenkgutschein\\\/\",\"name\":\"Geschenkgutschein bestellen - Hollyboot Charter\",\"isPartOf\":{\"@id\":\"https:\\\/\\\/www.hollyboot.de\\\/#website\"},\"primaryImageOfPage\":{\"@id\":\"https:\\\/\\\/www.hollyboot.de\\\/index.php\\\/gutschein-geschenkgutschein\\\/#primaryimage\"},\"image\":{\"@id\":\"https:\\\/\\\/www.hollyboot.de\\\/index.php\\\/gutschein-geschenkgutschein\\\/#primaryimage\"},\"thumbnailUrl\":\"https:\\\/\\\/www.hollyboot.de\\\/wp-content\\\/uploads\\\/2025\\\/03\\\/1-1024x726.png\",\"datePublished\":\"2025-03-02T07:05:29+00:00\",\"dateModified\":\"2025-03-07T17:20:05+00:00\",\"description\":\"Ein Geschenkgutschein f\u00fcr eine Auszeit auf einem Hollyboot ist immer eine gute Idee und kommt bei der Familie, den Freunden und Verwandten gleicherma\u00dfen gut an.\",\"breadcrumb\":{\"@id\":\"https:\\\/\\\/www.hollyboot.de\\\/index.php\\\/gutschein-geschenkgutschein\\\/#breadcrumb\"},\"inLanguage\":\"de\",\"potentialAction\":[{\"@type\":\"ReadAction\",\"target\":[\"https:\\\/\\\/www.hollyboot.de\\\/index.php\\\/gutschein-geschenkgutschein\\\/\"]}]},{\"@type\":\"ImageObject\",\"inLanguage\":\"de\",\"@id\":\"https:\\\/\\\/www.hollyboot.de\\\/index.php\\\/gutschein-geschenkgutschein\\\/#primaryimage\",\"url\":\"https:\\\/\\\/www.hollyboot.de\\\/wp-content\\\/uploads\\\/2025\\\/03\\\/1.png\",\"contentUrl\":\"https:\\\/\\\/www.hollyboot.de\\\/wp-content\\\/uploads\\\/2025\\\/03\\\/1.png\",\"width\":1748,\"height\":1240},{\"@type\":\"BreadcrumbList\",\"@id\":\"https:\\\/\\\/www.hollyboot.de\\\/index.php\\\/gutschein-geschenkgutschein\\\/#breadcrumb\",\"itemListElement\":[{\"@type\":\"ListItem\",\"position\":1,\"name\":\"Startseite\",\"item\":\"https:\\\/\\\/www.hollyboot.de\\\/\"},{\"@type\":\"ListItem\",\"position\":2,\"name\":\"Geschenkgutschein bestellen\"}]},{\"@type\":\"WebSite\",\"@id\":\"https:\\\/\\\/www.hollyboot.de\\\/#website\",\"url\":\"https:\\\/\\\/www.hollyboot.de\\\/\",\"name\":\"Hollyboot Charter\",\"description\":\"\",\"publisher\":{\"@id\":\"https:\\\/\\\/www.hollyboot.de\\\/#organization\"},\"potentialAction\":[{\"@type\":\"SearchAction\",\"target\":{\"@type\":\"EntryPoint\",\"urlTemplate\":\"https:\\\/\\\/www.hollyboot.de\\\/?s={search_term_string}\"},\"query-input\":{\"@type\":\"PropertyValueSpecification\",\"valueRequired\":true,\"valueName\":\"search_term_string\"}}],\"inLanguage\":\"de\"},{\"@type\":\"Organization\",\"@id\":\"https:\\\/\\\/www.hollyboot.de\\\/#organization\",\"name\":\"Hollyboot Charter\",\"url\":\"https:\\\/\\\/www.hollyboot.de\\\/\",\"logo\":{\"@type\":\"ImageObject\",\"inLanguage\":\"de\",\"@id\":\"https:\\\/\\\/www.hollyboot.de\\\/#\\\/schema\\\/logo\\\/image\\\/\",\"url\":\"https:\\\/\\\/www.hollyboot.de\\\/wp-content\\\/uploads\\\/2024\\\/09\\\/Logo_klein.png\",\"contentUrl\":\"https:\\\/\\\/www.hollyboot.de\\\/wp-content\\\/uploads\\\/2024\\\/09\\\/Logo_klein.png\",\"width\":250,\"height\":98,\"caption\":\"Hollyboot Charter\"},\"image\":{\"@id\":\"https:\\\/\\\/www.hollyboot.de\\\/#\\\/schema\\\/logo\\\/image\\\/\"},\"sameAs\":[\"https:\\\/\\\/www.facebook.com\\\/p\\\/Hollyboot-Charter-100054521408102\",\"https:\\\/\\\/www.instagram.com\\\/hollyboot.charter\"]}]}<\/script>\n<!-- \/ Yoast SEO plugin. -->","yoast_head_json":{"title":"Geschenkgutschein bestellen - Hollyboot Charter","description":"Ein Geschenkgutschein f\u00fcr eine Auszeit auf einem Hollyboot ist immer eine gute Idee und kommt bei der Familie, den Freunden und Verwandten gleicherma\u00dfen gut an.","robots":{"index":"index","follow":"follow","max-snippet":"max-snippet:-1","max-image-preview":"max-image-preview:large","max-video-preview":"max-video-preview:-1"},"canonical":"https:\/\/www.hollyboot.de\/index.php\/gutschein-geschenkgutschein\/","og_locale":"de_DE","og_type":"article","og_title":"Geschenkgutschein bestellen - Hollyboot Charter","og_description":"Ein Geschenkgutschein f\u00fcr eine Auszeit auf einem Hollyboot ist immer eine gute Idee und kommt bei der Familie, den Freunden und Verwandten gleicherma\u00dfen gut an.","og_url":"https:\/\/www.hollyboot.de\/index.php\/gutschein-geschenkgutschein\/","og_site_name":"Hollyboot Charter","article_publisher":"https:\/\/www.facebook.com\/p\/Hollyboot-Charter-100054521408102","article_modified_time":"2025-03-07T17:20:05+00:00","og_image":[{"width":1748,"height":1240,"url":"https:\/\/www.hollyboot.de\/wp-content\/uploads\/2025\/03\/1.png","type":"image\/png"}],"twitter_card":"summary_large_image","twitter_misc":{"Gesch\u00e4tzte Lesezeit":"2\u00a0Minuten"},"schema":{"@context":"https:\/\/schema.org","@graph":[{"@type":"WebPage","@id":"https:\/\/www.hollyboot.de\/index.php\/gutschein-geschenkgutschein\/","url":"https:\/\/www.hollyboot.de\/index.php\/gutschein-geschenkgutschein\/","name":"Geschenkgutschein bestellen - Hollyboot Charter","isPartOf":{"@id":"https:\/\/www.hollyboot.de\/#website"},"primaryImageOfPage":{"@id":"https:\/\/www.hollyboot.de\/index.php\/gutschein-geschenkgutschein\/#primaryimage"},"image":{"@id":"https:\/\/www.hollyboot.de\/index.php\/gutschein-geschenkgutschein\/#primaryimage"},"thumbnailUrl":"https:\/\/www.hollyboot.de\/wp-content\/uploads\/2025\/03\/1-1024x726.png","datePublished":"2025-03-02T07:05:29+00:00","dateModified":"2025-03-07T17:20:05+00:00","description":"Ein Geschenkgutschein f\u00fcr eine Auszeit auf einem Hollyboot ist immer eine gute Idee und kommt bei der Familie, den Freunden und Verwandten gleicherma\u00dfen gut an.","breadcrumb":{"@id":"https:\/\/www.hollyboot.de\/index.php\/gutschein-geschenkgutschein\/#breadcrumb"},"inLanguage":"de","potentialAction":[{"@type":"ReadAction","target":["https:\/\/www.hollyboot.de\/index.php\/gutschein-geschenkgutschein\/"]}]},{"@type":"ImageObject","inLanguage":"de","@id":"https:\/\/www.hollyboot.de\/index.php\/gutschein-geschenkgutschein\/#primaryimage","url":"https:\/\/www.hollyboot.de\/wp-content\/uploads\/2025\/03\/1.png","contentUrl":"https:\/\/www.hollyboot.de\/wp-content\/uploads\/2025\/03\/1.png","width":1748,"height":1240},{"@type":"BreadcrumbList","@id":"https:\/\/www.hollyboot.de\/index.php\/gutschein-geschenkgutschein\/#breadcrumb","itemListElement":[{"@type":"ListItem","position":1,"name":"Startseite","item":"https:\/\/www.hollyboot.de\/"},{"@type":"ListItem","position":2,"name":"Geschenkgutschein bestellen"}]},{"@type":"WebSite","@id":"https:\/\/www.hollyboot.de\/#website","url":"https:\/\/www.hollyboot.de\/","name":"Hollyboot Charter","description":"","publisher":{"@id":"https:\/\/www.hollyboot.de\/#organization"},"potentialAction":[{"@type":"SearchAction","target":{"@type":"EntryPoint","urlTemplate":"https:\/\/www.hollyboot.de\/?s={search_term_string}"},"query-input":{"@type":"PropertyValueSpecification","valueRequired":true,"valueName":"search_term_string"}}],"inLanguage":"de"},{"@type":"Organization","@id":"https:\/\/www.hollyboot.de\/#organization","name":"Hollyboot Charter","url":"https:\/\/www.hollyboot.de\/","logo":{"@type":"ImageObject","inLanguage":"de","@id":"https:\/\/www.hollyboot.de\/#\/schema\/logo\/image\/","url":"https:\/\/www.hollyboot.de\/wp-content\/uploads\/2024\/09\/Logo_klein.png","contentUrl":"https:\/\/www.hollyboot.de\/wp-content\/uploads\/2024\/09\/Logo_klein.png","width":250,"height":98,"caption":"Hollyboot Charter"},"image":{"@id":"https:\/\/www.hollyboot.de\/#\/schema\/logo\/image\/"},"sameAs":["https:\/\/www.facebook.com\/p\/Hollyboot-Charter-100054521408102","https:\/\/www.instagram.com\/hollyboot.charter"]}]}},"_links":{"self":[{"href":"https:\/\/www.hollyboot.de\/index.php\/wp-json\/wp\/v2\/pages\/782","targetHints":{"allow":["GET"]}}],"collection":[{"href":"https:\/\/www.hollyboot.de\/index.php\/wp-json\/wp\/v2\/pages"}],"about":[{"href":"https:\/\/www.hollyboot.de\/index.php\/wp-json\/wp\/v2\/types\/page"}],"author":[{"embeddable":true,"href":"https:\/\/www.hollyboot.de\/index.php\/wp-json\/wp\/v2\/users\/1"}],"replies":[{"embeddable":true,"href":"https:\/\/www.hollyboot.de\/index.php\/wp-json\/wp\/v2\/comments?post=782"}],"version-history":[{"count":9,"href":"https:\/\/www.hollyboot.de\/index.php\/wp-json\/wp\/v2\/pages\/782\/revisions"}],"predecessor-version":[{"id":823,"href":"https:\/\/www.hollyboot.de\/index.php\/wp-json\/wp\/v2\/pages\/782\/revisions\/823"}],"wp:attachment":[{"href":"https:\/\/www.hollyboot.de\/index.php\/wp-json\/wp\/v2\/media?parent=782"}],"curies":[{"name":"wp","href":"https:\/\/api.w.org\/{rel}","templated":true}]}}