{"id":348,"date":"2024-09-27T11:19:52","date_gmt":"2024-09-27T11:19:52","guid":{"rendered":"https:\/\/web.hollyboot.de\/?page_id=348"},"modified":"2025-06-25T20:07:29","modified_gmt":"2025-06-25T19:07:29","slug":"bilder-unserer-gaeste","status":"publish","type":"page","link":"https:\/\/www.hollyboot.de\/index.php\/bilder-unserer-gaeste\/","title":{"rendered":"Impressionen"},"content":{"rendered":"\n<div style=\"height:75px\" aria-hidden=\"true\" class=\"wp-block-spacer\"><\/div>\n\n\n\n<center><iframe loading=\"lazy\" src=\"https:\/\/www.ardmediathek.de\/embed\/Y3JpZDovL3JiYl9jZjNlMjhjOS0wM2FiLTRkN2ItOWM5Yy1lNDE3ZDJhZTg1ZDRfcHVibGljYXRpb24?startTime=14.00&endTime=262.00\" width=\"640\" height=\"360\" allowfullscreen allow=\"clipboard-read; clipboard-write\" frameBorder=\"0\" scrolling=\"no\"><\/iframe><\/center>\n\n\n\n<div style=\"height:100px\" aria-hidden=\"true\" class=\"wp-block-spacer\"><\/div>\n\n\n\n<p><\/p>\n\n\n\n<h2 class=\"wp-block-heading\">Sch\u00f6ne Momente unserer G\u00e4ste in Bildern<\/h2>\n\n\n\n<figure class=\"wp-block-gallery has-nested-images columns-default is-cropped wp-block-gallery-1 is-layout-flex wp-block-gallery-is-layout-flex\">\n<figure class=\"wp-block-image size-large is-style-default\"><img loading=\"lazy\" decoding=\"async\" width=\"1024\" height=\"768\" data-id=\"430\" src=\"https:\/\/www.hollyboot.de\/wp-content\/uploads\/2024\/12\/IMG_8524-1024x768.jpeg\" alt=\"Sonnenuntergang auf dem Teupitzer See\" class=\"wp-image-430\" srcset=\"https:\/\/www.hollyboot.de\/wp-content\/uploads\/2024\/12\/IMG_8524-1024x768.jpeg 1024w, https:\/\/www.hollyboot.de\/wp-content\/uploads\/2024\/12\/IMG_8524-300x225.jpeg 300w, https:\/\/www.hollyboot.de\/wp-content\/uploads\/2024\/12\/IMG_8524-768x576.jpeg 768w, https:\/\/www.hollyboot.de\/wp-content\/uploads\/2024\/12\/IMG_8524-1536x1152.jpeg 1536w, https:\/\/www.hollyboot.de\/wp-content\/uploads\/2024\/12\/IMG_8524-2048x1536.jpeg 2048w, https:\/\/www.hollyboot.de\/wp-content\/uploads\/2024\/12\/IMG_8524-480x360.jpeg 480w, https:\/\/www.hollyboot.de\/wp-content\/uploads\/2024\/12\/IMG_8524-640x480.jpeg 640w, https:\/\/www.hollyboot.de\/wp-content\/uploads\/2024\/12\/IMG_8524-250x188.jpeg 250w, https:\/\/www.hollyboot.de\/wp-content\/uploads\/2024\/12\/IMG_8524-333x250.jpeg 333w, https:\/\/www.hollyboot.de\/wp-content\/uploads\/2024\/12\/IMG_8524-150x113.jpeg 150w\" sizes=\"auto, (max-width: 1024px) 100vw, 1024px\" \/><\/figure>\n\n\n\n<figure class=\"wp-block-image size-large is-style-default\"><img loading=\"lazy\" decoding=\"async\" width=\"1024\" height=\"576\" data-id=\"429\" src=\"https:\/\/www.hollyboot.de\/wp-content\/uploads\/2024\/12\/dji_fly_20230804_172928_383_1691162981222_photo_optimized-1024x576.jpeg\" alt=\"Ankerplatz in ruhiger Bucht\" class=\"wp-image-429\" srcset=\"https:\/\/www.hollyboot.de\/wp-content\/uploads\/2024\/12\/dji_fly_20230804_172928_383_1691162981222_photo_optimized-1024x576.jpeg 1024w, https:\/\/www.hollyboot.de\/wp-content\/uploads\/2024\/12\/dji_fly_20230804_172928_383_1691162981222_photo_optimized-300x169.jpeg 300w, https:\/\/www.hollyboot.de\/wp-content\/uploads\/2024\/12\/dji_fly_20230804_172928_383_1691162981222_photo_optimized-768x432.jpeg 768w, https:\/\/www.hollyboot.de\/wp-content\/uploads\/2024\/12\/dji_fly_20230804_172928_383_1691162981222_photo_optimized-1536x864.jpeg 1536w, https:\/\/www.hollyboot.de\/wp-content\/uploads\/2024\/12\/dji_fly_20230804_172928_383_1691162981222_photo_optimized-2048x1152.jpeg 2048w, https:\/\/www.hollyboot.de\/wp-content\/uploads\/2024\/12\/dji_fly_20230804_172928_383_1691162981222_photo_optimized-480x270.jpeg 480w, https:\/\/www.hollyboot.de\/wp-content\/uploads\/2024\/12\/dji_fly_20230804_172928_383_1691162981222_photo_optimized-853x480.jpeg 853w, https:\/\/www.hollyboot.de\/wp-content\/uploads\/2024\/12\/dji_fly_20230804_172928_383_1691162981222_photo_optimized-250x141.jpeg 250w, https:\/\/www.hollyboot.de\/wp-content\/uploads\/2024\/12\/dji_fly_20230804_172928_383_1691162981222_photo_optimized-444x250.jpeg 444w, https:\/\/www.hollyboot.de\/wp-content\/uploads\/2024\/12\/dji_fly_20230804_172928_383_1691162981222_photo_optimized-150x84.jpeg 150w\" sizes=\"auto, (max-width: 1024px) 100vw, 1024px\" \/><\/figure>\n\n\n\n<figure class=\"wp-block-image size-large\"><img loading=\"lazy\" decoding=\"async\" width=\"768\" height=\"1024\" data-id=\"437\" src=\"https:\/\/www.hollyboot.de\/wp-content\/uploads\/2024\/12\/IMG_8525-768x1024.jpeg\" alt=\"Angelegt Prieros\" class=\"wp-image-437\" srcset=\"https:\/\/www.hollyboot.de\/wp-content\/uploads\/2024\/12\/IMG_8525-768x1024.jpeg 768w, https:\/\/www.hollyboot.de\/wp-content\/uploads\/2024\/12\/IMG_8525-225x300.jpeg 225w, https:\/\/www.hollyboot.de\/wp-content\/uploads\/2024\/12\/IMG_8525-1152x1536.jpeg 1152w, https:\/\/www.hollyboot.de\/wp-content\/uploads\/2024\/12\/IMG_8525-1536x2048.jpeg 1536w, https:\/\/www.hollyboot.de\/wp-content\/uploads\/2024\/12\/IMG_8525-480x640.jpeg 480w, https:\/\/www.hollyboot.de\/wp-content\/uploads\/2024\/12\/IMG_8525-360x480.jpeg 360w, https:\/\/www.hollyboot.de\/wp-content\/uploads\/2024\/12\/IMG_8525-250x333.jpeg 250w, https:\/\/www.hollyboot.de\/wp-content\/uploads\/2024\/12\/IMG_8525-188x250.jpeg 188w, https:\/\/www.hollyboot.de\/wp-content\/uploads\/2024\/12\/IMG_8525-113x150.jpeg 113w, https:\/\/www.hollyboot.de\/wp-content\/uploads\/2024\/12\/IMG_8525-scaled.jpeg 1920w\" sizes=\"auto, (max-width: 768px) 100vw, 768px\" \/><\/figure>\n\n\n\n<figure class=\"wp-block-image size-large\"><img loading=\"lazy\" decoding=\"async\" width=\"1024\" height=\"768\" data-id=\"433\" src=\"https:\/\/www.hollyboot.de\/wp-content\/uploads\/2024\/12\/IMG_8523-1024x768.jpeg\" alt=\"Abendstimmung auf dem Teupitzer See\" class=\"wp-image-433\" srcset=\"https:\/\/www.hollyboot.de\/wp-content\/uploads\/2024\/12\/IMG_8523-1024x768.jpeg 1024w, https:\/\/www.hollyboot.de\/wp-content\/uploads\/2024\/12\/IMG_8523-300x225.jpeg 300w, https:\/\/www.hollyboot.de\/wp-content\/uploads\/2024\/12\/IMG_8523-768x576.jpeg 768w, https:\/\/www.hollyboot.de\/wp-content\/uploads\/2024\/12\/IMG_8523-1536x1152.jpeg 1536w, https:\/\/www.hollyboot.de\/wp-content\/uploads\/2024\/12\/IMG_8523-2048x1536.jpeg 2048w, https:\/\/www.hollyboot.de\/wp-content\/uploads\/2024\/12\/IMG_8523-480x360.jpeg 480w, https:\/\/www.hollyboot.de\/wp-content\/uploads\/2024\/12\/IMG_8523-640x480.jpeg 640w, https:\/\/www.hollyboot.de\/wp-content\/uploads\/2024\/12\/IMG_8523-250x188.jpeg 250w, https:\/\/www.hollyboot.de\/wp-content\/uploads\/2024\/12\/IMG_8523-333x250.jpeg 333w, https:\/\/www.hollyboot.de\/wp-content\/uploads\/2024\/12\/IMG_8523-150x113.jpeg 150w\" sizes=\"auto, (max-width: 1024px) 100vw, 1024px\" \/><\/figure>\n<\/figure>\n\n\n\n<figure class=\"wp-block-gallery has-nested-images columns-default is-cropped wp-block-gallery-2 is-layout-flex wp-block-gallery-is-layout-flex\">\n<figure class=\"wp-block-image size-large\"><img loading=\"lazy\" decoding=\"async\" width=\"1024\" height=\"576\" data-id=\"440\" src=\"https:\/\/www.hollyboot.de\/wp-content\/uploads\/2024\/12\/dji_fly_20230805_203420_406_1691260558701_photo_optimized-1024x576.jpeg\" alt=\"Abendstimmung auf dem Teupitzer See\" class=\"wp-image-440\" srcset=\"https:\/\/www.hollyboot.de\/wp-content\/uploads\/2024\/12\/dji_fly_20230805_203420_406_1691260558701_photo_optimized-1024x576.jpeg 1024w, https:\/\/www.hollyboot.de\/wp-content\/uploads\/2024\/12\/dji_fly_20230805_203420_406_1691260558701_photo_optimized-300x169.jpeg 300w, https:\/\/www.hollyboot.de\/wp-content\/uploads\/2024\/12\/dji_fly_20230805_203420_406_1691260558701_photo_optimized-768x432.jpeg 768w, https:\/\/www.hollyboot.de\/wp-content\/uploads\/2024\/12\/dji_fly_20230805_203420_406_1691260558701_photo_optimized-1536x864.jpeg 1536w, https:\/\/www.hollyboot.de\/wp-content\/uploads\/2024\/12\/dji_fly_20230805_203420_406_1691260558701_photo_optimized-2048x1152.jpeg 2048w, https:\/\/www.hollyboot.de\/wp-content\/uploads\/2024\/12\/dji_fly_20230805_203420_406_1691260558701_photo_optimized-480x270.jpeg 480w, https:\/\/www.hollyboot.de\/wp-content\/uploads\/2024\/12\/dji_fly_20230805_203420_406_1691260558701_photo_optimized-853x480.jpeg 853w, https:\/\/www.hollyboot.de\/wp-content\/uploads\/2024\/12\/dji_fly_20230805_203420_406_1691260558701_photo_optimized-250x141.jpeg 250w, https:\/\/www.hollyboot.de\/wp-content\/uploads\/2024\/12\/dji_fly_20230805_203420_406_1691260558701_photo_optimized-444x250.jpeg 444w, https:\/\/www.hollyboot.de\/wp-content\/uploads\/2024\/12\/dji_fly_20230805_203420_406_1691260558701_photo_optimized-150x84.jpeg 150w\" sizes=\"auto, (max-width: 1024px) 100vw, 1024px\" \/><\/figure>\n\n\n\n<figure class=\"wp-block-image size-large\"><img loading=\"lazy\" decoding=\"async\" width=\"1024\" height=\"768\" data-id=\"438\" src=\"https:\/\/www.hollyboot.de\/wp-content\/uploads\/2024\/12\/IMG_8526-1024x768.jpeg\" alt=\"Prieros Ankerplatz\" class=\"wp-image-438\" srcset=\"https:\/\/www.hollyboot.de\/wp-content\/uploads\/2024\/12\/IMG_8526-1024x768.jpeg 1024w, https:\/\/www.hollyboot.de\/wp-content\/uploads\/2024\/12\/IMG_8526-300x225.jpeg 300w, https:\/\/www.hollyboot.de\/wp-content\/uploads\/2024\/12\/IMG_8526-768x576.jpeg 768w, https:\/\/www.hollyboot.de\/wp-content\/uploads\/2024\/12\/IMG_8526-1536x1152.jpeg 1536w, https:\/\/www.hollyboot.de\/wp-content\/uploads\/2024\/12\/IMG_8526-2048x1536.jpeg 2048w, https:\/\/www.hollyboot.de\/wp-content\/uploads\/2024\/12\/IMG_8526-480x360.jpeg 480w, https:\/\/www.hollyboot.de\/wp-content\/uploads\/2024\/12\/IMG_8526-640x480.jpeg 640w, https:\/\/www.hollyboot.de\/wp-content\/uploads\/2024\/12\/IMG_8526-250x188.jpeg 250w, https:\/\/www.hollyboot.de\/wp-content\/uploads\/2024\/12\/IMG_8526-333x250.jpeg 333w, https:\/\/www.hollyboot.de\/wp-content\/uploads\/2024\/12\/IMG_8526-150x113.jpeg 150w\" sizes=\"auto, (max-width: 1024px) 100vw, 1024px\" \/><\/figure>\n\n\n\n<figure class=\"wp-block-image size-large\"><img loading=\"lazy\" decoding=\"async\" width=\"768\" height=\"1024\" data-id=\"436\" src=\"https:\/\/www.hollyboot.de\/wp-content\/uploads\/2024\/12\/FullSizeRender-1-768x1024.jpeg\" alt=\"Paul hat alles im Blick\" class=\"wp-image-436\" srcset=\"https:\/\/www.hollyboot.de\/wp-content\/uploads\/2024\/12\/FullSizeRender-1-768x1024.jpeg 768w, https:\/\/www.hollyboot.de\/wp-content\/uploads\/2024\/12\/FullSizeRender-1-225x300.jpeg 225w, https:\/\/www.hollyboot.de\/wp-content\/uploads\/2024\/12\/FullSizeRender-1-1152x1536.jpeg 1152w, https:\/\/www.hollyboot.de\/wp-content\/uploads\/2024\/12\/FullSizeRender-1-480x640.jpeg 480w, https:\/\/www.hollyboot.de\/wp-content\/uploads\/2024\/12\/FullSizeRender-1-360x480.jpeg 360w, https:\/\/www.hollyboot.de\/wp-content\/uploads\/2024\/12\/FullSizeRender-1-250x333.jpeg 250w, https:\/\/www.hollyboot.de\/wp-content\/uploads\/2024\/12\/FullSizeRender-1-188x250.jpeg 188w, https:\/\/www.hollyboot.de\/wp-content\/uploads\/2024\/12\/FullSizeRender-1-113x150.jpeg 113w, https:\/\/www.hollyboot.de\/wp-content\/uploads\/2024\/12\/FullSizeRender-1.jpeg 1536w\" sizes=\"auto, (max-width: 768px) 100vw, 768px\" \/><\/figure>\n\n\n\n<figure class=\"wp-block-image size-large\"><img loading=\"lazy\" decoding=\"async\" width=\"1024\" height=\"683\" data-id=\"435\" src=\"https:\/\/www.hollyboot.de\/wp-content\/uploads\/2024\/12\/IMG_2581-1024x683.jpg\" alt=\"Unser Hollyboot\" class=\"wp-image-435\" srcset=\"https:\/\/www.hollyboot.de\/wp-content\/uploads\/2024\/12\/IMG_2581-1024x683.jpg 1024w, https:\/\/www.hollyboot.de\/wp-content\/uploads\/2024\/12\/IMG_2581-300x200.jpg 300w, https:\/\/www.hollyboot.de\/wp-content\/uploads\/2024\/12\/IMG_2581-768x512.jpg 768w, https:\/\/www.hollyboot.de\/wp-content\/uploads\/2024\/12\/IMG_2581-480x320.jpg 480w, https:\/\/www.hollyboot.de\/wp-content\/uploads\/2024\/12\/IMG_2581-719x480.jpg 719w, https:\/\/www.hollyboot.de\/wp-content\/uploads\/2024\/12\/IMG_2581-250x167.jpg 250w, https:\/\/www.hollyboot.de\/wp-content\/uploads\/2024\/12\/IMG_2581-375x250.jpg 375w, https:\/\/www.hollyboot.de\/wp-content\/uploads\/2024\/12\/IMG_2581-150x100.jpg 150w, https:\/\/www.hollyboot.de\/wp-content\/uploads\/2024\/12\/IMG_2581.jpg 1382w\" sizes=\"auto, (max-width: 1024px) 100vw, 1024px\" \/><\/figure>\n<\/figure>\n\n\n\n<div style=\"height:75px\" aria-hidden=\"true\" class=\"wp-block-spacer\"><\/div>\n\n\n\n<div style=\"height:75px\" aria-hidden=\"true\" class=\"wp-block-spacer\"><\/div>\n\n\n\n<p><\/p>\n","protected":false},"excerpt":{"rendered":"<p>Sch\u00f6ne Momente unserer G\u00e4ste in Bildern<\/p>\n","protected":false},"author":1,"featured_media":0,"parent":0,"menu_order":0,"comment_status":"closed","ping_status":"closed","template":"","meta":{"footnotes":""},"class_list":["post-348","page","type-page","status-publish","hentry"],"yoast_head":"<!-- This site is optimized with the Yoast SEO plugin v27.4 - https:\/\/yoast.com\/product\/yoast-seo-wordpress\/ -->\n<title>Impressionen - Hollyboot Charter<\/title>\n<meta name=\"description\" content=\"Bilder gemacht von unseren G\u00e4sten - Schnappsch\u00fcsse sch\u00f6ner Erinnerungen an den Hausbooturlaub von unseren G\u00e4sten. Seht selbst, wundersch\u00f6n.\" \/>\n<meta name=\"robots\" content=\"index, follow, max-snippet:-1, max-image-preview:large, max-video-preview:-1\" \/>\n<link rel=\"canonical\" href=\"https:\/\/www.hollyboot.de\/index.php\/bilder-unserer-gaeste\/\" \/>\n<meta property=\"og:locale\" content=\"de_DE\" \/>\n<meta property=\"og:type\" content=\"article\" \/>\n<meta property=\"og:title\" content=\"Impressionen - Hollyboot Charter\" \/>\n<meta property=\"og:description\" content=\"Bilder gemacht von unseren G\u00e4sten - Schnappsch\u00fcsse sch\u00f6ner Erinnerungen an den Hausbooturlaub von unseren G\u00e4sten. Seht selbst, wundersch\u00f6n.\" \/>\n<meta property=\"og:url\" content=\"https:\/\/www.hollyboot.de\/index.php\/bilder-unserer-gaeste\/\" \/>\n<meta property=\"og:site_name\" content=\"Hollyboot Charter\" \/>\n<meta property=\"article:publisher\" content=\"https:\/\/www.facebook.com\/p\/Hollyboot-Charter-100054521408102\" \/>\n<meta property=\"article:modified_time\" content=\"2025-06-25T19:07:29+00:00\" \/>\n<meta property=\"og:image\" content=\"https:\/\/www.hollyboot.de\/wp-content\/uploads\/2024\/12\/IMG_8524-scaled.jpeg\" \/>\n\t<meta property=\"og:image:width\" content=\"2560\" \/>\n\t<meta property=\"og:image:height\" content=\"1920\" \/>\n\t<meta property=\"og:image:type\" content=\"image\/jpeg\" \/>\n<meta name=\"twitter:card\" content=\"summary_large_image\" \/>\n<meta name=\"twitter:label1\" content=\"Gesch\u00e4tzte Lesezeit\" \/>\n\t<meta name=\"twitter:data1\" content=\"2\u00a0Minuten\" \/>\n<script type=\"application\/ld+json\" class=\"yoast-schema-graph\">{\"@context\":\"https:\\\/\\\/schema.org\",\"@graph\":[{\"@type\":\"WebPage\",\"@id\":\"https:\\\/\\\/www.hollyboot.de\\\/index.php\\\/bilder-unserer-gaeste\\\/\",\"url\":\"https:\\\/\\\/www.hollyboot.de\\\/index.php\\\/bilder-unserer-gaeste\\\/\",\"name\":\"Impressionen - Hollyboot Charter\",\"isPartOf\":{\"@id\":\"https:\\\/\\\/www.hollyboot.de\\\/#website\"},\"primaryImageOfPage\":{\"@id\":\"https:\\\/\\\/www.hollyboot.de\\\/index.php\\\/bilder-unserer-gaeste\\\/#primaryimage\"},\"image\":{\"@id\":\"https:\\\/\\\/www.hollyboot.de\\\/index.php\\\/bilder-unserer-gaeste\\\/#primaryimage\"},\"thumbnailUrl\":\"https:\\\/\\\/www.hollyboot.de\\\/wp-content\\\/uploads\\\/2024\\\/12\\\/IMG_8524-1024x768.jpeg\",\"datePublished\":\"2024-09-27T11:19:52+00:00\",\"dateModified\":\"2025-06-25T19:07:29+00:00\",\"description\":\"Bilder gemacht von unseren G\u00e4sten - Schnappsch\u00fcsse sch\u00f6ner Erinnerungen an den Hausbooturlaub von unseren G\u00e4sten. Seht selbst, wundersch\u00f6n.\",\"breadcrumb\":{\"@id\":\"https:\\\/\\\/www.hollyboot.de\\\/index.php\\\/bilder-unserer-gaeste\\\/#breadcrumb\"},\"inLanguage\":\"de\",\"potentialAction\":[{\"@type\":\"ReadAction\",\"target\":[\"https:\\\/\\\/www.hollyboot.de\\\/index.php\\\/bilder-unserer-gaeste\\\/\"]}]},{\"@type\":\"ImageObject\",\"inLanguage\":\"de\",\"@id\":\"https:\\\/\\\/www.hollyboot.de\\\/index.php\\\/bilder-unserer-gaeste\\\/#primaryimage\",\"url\":\"https:\\\/\\\/www.hollyboot.de\\\/wp-content\\\/uploads\\\/2024\\\/12\\\/IMG_8524-scaled.jpeg\",\"contentUrl\":\"https:\\\/\\\/www.hollyboot.de\\\/wp-content\\\/uploads\\\/2024\\\/12\\\/IMG_8524-scaled.jpeg\",\"width\":2560,\"height\":1920},{\"@type\":\"BreadcrumbList\",\"@id\":\"https:\\\/\\\/www.hollyboot.de\\\/index.php\\\/bilder-unserer-gaeste\\\/#breadcrumb\",\"itemListElement\":[{\"@type\":\"ListItem\",\"position\":1,\"name\":\"Startseite\",\"item\":\"https:\\\/\\\/www.hollyboot.de\\\/\"},{\"@type\":\"ListItem\",\"position\":2,\"name\":\"Impressionen\"}]},{\"@type\":\"WebSite\",\"@id\":\"https:\\\/\\\/www.hollyboot.de\\\/#website\",\"url\":\"https:\\\/\\\/www.hollyboot.de\\\/\",\"name\":\"Hollyboot Charter\",\"description\":\"\",\"publisher\":{\"@id\":\"https:\\\/\\\/www.hollyboot.de\\\/#organization\"},\"potentialAction\":[{\"@type\":\"SearchAction\",\"target\":{\"@type\":\"EntryPoint\",\"urlTemplate\":\"https:\\\/\\\/www.hollyboot.de\\\/?s={search_term_string}\"},\"query-input\":{\"@type\":\"PropertyValueSpecification\",\"valueRequired\":true,\"valueName\":\"search_term_string\"}}],\"inLanguage\":\"de\"},{\"@type\":\"Organization\",\"@id\":\"https:\\\/\\\/www.hollyboot.de\\\/#organization\",\"name\":\"Hollyboot Charter\",\"url\":\"https:\\\/\\\/www.hollyboot.de\\\/\",\"logo\":{\"@type\":\"ImageObject\",\"inLanguage\":\"de\",\"@id\":\"https:\\\/\\\/www.hollyboot.de\\\/#\\\/schema\\\/logo\\\/image\\\/\",\"url\":\"https:\\\/\\\/www.hollyboot.de\\\/wp-content\\\/uploads\\\/2024\\\/09\\\/Logo_klein.png\",\"contentUrl\":\"https:\\\/\\\/www.hollyboot.de\\\/wp-content\\\/uploads\\\/2024\\\/09\\\/Logo_klein.png\",\"width\":250,\"height\":98,\"caption\":\"Hollyboot Charter\"},\"image\":{\"@id\":\"https:\\\/\\\/www.hollyboot.de\\\/#\\\/schema\\\/logo\\\/image\\\/\"},\"sameAs\":[\"https:\\\/\\\/www.facebook.com\\\/p\\\/Hollyboot-Charter-100054521408102\",\"https:\\\/\\\/www.instagram.com\\\/hollyboot.charter\"]}]}<\/script>\n<!-- \/ Yoast SEO plugin. -->","yoast_head_json":{"title":"Impressionen - Hollyboot Charter","description":"Bilder gemacht von unseren G\u00e4sten - Schnappsch\u00fcsse sch\u00f6ner Erinnerungen an den Hausbooturlaub von unseren G\u00e4sten. Seht selbst, wundersch\u00f6n.","robots":{"index":"index","follow":"follow","max-snippet":"max-snippet:-1","max-image-preview":"max-image-preview:large","max-video-preview":"max-video-preview:-1"},"canonical":"https:\/\/www.hollyboot.de\/index.php\/bilder-unserer-gaeste\/","og_locale":"de_DE","og_type":"article","og_title":"Impressionen - Hollyboot Charter","og_description":"Bilder gemacht von unseren G\u00e4sten - Schnappsch\u00fcsse sch\u00f6ner Erinnerungen an den Hausbooturlaub von unseren G\u00e4sten. Seht selbst, wundersch\u00f6n.","og_url":"https:\/\/www.hollyboot.de\/index.php\/bilder-unserer-gaeste\/","og_site_name":"Hollyboot Charter","article_publisher":"https:\/\/www.facebook.com\/p\/Hollyboot-Charter-100054521408102","article_modified_time":"2025-06-25T19:07:29+00:00","og_image":[{"width":2560,"height":1920,"url":"https:\/\/www.hollyboot.de\/wp-content\/uploads\/2024\/12\/IMG_8524-scaled.jpeg","type":"image\/jpeg"}],"twitter_card":"summary_large_image","twitter_misc":{"Gesch\u00e4tzte Lesezeit":"2\u00a0Minuten"},"schema":{"@context":"https:\/\/schema.org","@graph":[{"@type":"WebPage","@id":"https:\/\/www.hollyboot.de\/index.php\/bilder-unserer-gaeste\/","url":"https:\/\/www.hollyboot.de\/index.php\/bilder-unserer-gaeste\/","name":"Impressionen - Hollyboot Charter","isPartOf":{"@id":"https:\/\/www.hollyboot.de\/#website"},"primaryImageOfPage":{"@id":"https:\/\/www.hollyboot.de\/index.php\/bilder-unserer-gaeste\/#primaryimage"},"image":{"@id":"https:\/\/www.hollyboot.de\/index.php\/bilder-unserer-gaeste\/#primaryimage"},"thumbnailUrl":"https:\/\/www.hollyboot.de\/wp-content\/uploads\/2024\/12\/IMG_8524-1024x768.jpeg","datePublished":"2024-09-27T11:19:52+00:00","dateModified":"2025-06-25T19:07:29+00:00","description":"Bilder gemacht von unseren G\u00e4sten - Schnappsch\u00fcsse sch\u00f6ner Erinnerungen an den Hausbooturlaub von unseren G\u00e4sten. Seht selbst, wundersch\u00f6n.","breadcrumb":{"@id":"https:\/\/www.hollyboot.de\/index.php\/bilder-unserer-gaeste\/#breadcrumb"},"inLanguage":"de","potentialAction":[{"@type":"ReadAction","target":["https:\/\/www.hollyboot.de\/index.php\/bilder-unserer-gaeste\/"]}]},{"@type":"ImageObject","inLanguage":"de","@id":"https:\/\/www.hollyboot.de\/index.php\/bilder-unserer-gaeste\/#primaryimage","url":"https:\/\/www.hollyboot.de\/wp-content\/uploads\/2024\/12\/IMG_8524-scaled.jpeg","contentUrl":"https:\/\/www.hollyboot.de\/wp-content\/uploads\/2024\/12\/IMG_8524-scaled.jpeg","width":2560,"height":1920},{"@type":"BreadcrumbList","@id":"https:\/\/www.hollyboot.de\/index.php\/bilder-unserer-gaeste\/#breadcrumb","itemListElement":[{"@type":"ListItem","position":1,"name":"Startseite","item":"https:\/\/www.hollyboot.de\/"},{"@type":"ListItem","position":2,"name":"Impressionen"}]},{"@type":"WebSite","@id":"https:\/\/www.hollyboot.de\/#website","url":"https:\/\/www.hollyboot.de\/","name":"Hollyboot Charter","description":"","publisher":{"@id":"https:\/\/www.hollyboot.de\/#organization"},"potentialAction":[{"@type":"SearchAction","target":{"@type":"EntryPoint","urlTemplate":"https:\/\/www.hollyboot.de\/?s={search_term_string}"},"query-input":{"@type":"PropertyValueSpecification","valueRequired":true,"valueName":"search_term_string"}}],"inLanguage":"de"},{"@type":"Organization","@id":"https:\/\/www.hollyboot.de\/#organization","name":"Hollyboot Charter","url":"https:\/\/www.hollyboot.de\/","logo":{"@type":"ImageObject","inLanguage":"de","@id":"https:\/\/www.hollyboot.de\/#\/schema\/logo\/image\/","url":"https:\/\/www.hollyboot.de\/wp-content\/uploads\/2024\/09\/Logo_klein.png","contentUrl":"https:\/\/www.hollyboot.de\/wp-content\/uploads\/2024\/09\/Logo_klein.png","width":250,"height":98,"caption":"Hollyboot Charter"},"image":{"@id":"https:\/\/www.hollyboot.de\/#\/schema\/logo\/image\/"},"sameAs":["https:\/\/www.facebook.com\/p\/Hollyboot-Charter-100054521408102","https:\/\/www.instagram.com\/hollyboot.charter"]}]}},"_links":{"self":[{"href":"https:\/\/www.hollyboot.de\/index.php\/wp-json\/wp\/v2\/pages\/348","targetHints":{"allow":["GET"]}}],"collection":[{"href":"https:\/\/www.hollyboot.de\/index.php\/wp-json\/wp\/v2\/pages"}],"about":[{"href":"https:\/\/www.hollyboot.de\/index.php\/wp-json\/wp\/v2\/types\/page"}],"author":[{"embeddable":true,"href":"https:\/\/www.hollyboot.de\/index.php\/wp-json\/wp\/v2\/users\/1"}],"replies":[{"embeddable":true,"href":"https:\/\/www.hollyboot.de\/index.php\/wp-json\/wp\/v2\/comments?post=348"}],"version-history":[{"count":13,"href":"https:\/\/www.hollyboot.de\/index.php\/wp-json\/wp\/v2\/pages\/348\/revisions"}],"predecessor-version":[{"id":850,"href":"https:\/\/www.hollyboot.de\/index.php\/wp-json\/wp\/v2\/pages\/348\/revisions\/850"}],"wp:attachment":[{"href":"https:\/\/www.hollyboot.de\/index.php\/wp-json\/wp\/v2\/media?parent=348"}],"curies":[{"name":"wp","href":"https:\/\/api.w.org\/{rel}","templated":true}]}}